. What is the highest common factor of t and 17?
17
Let p be (42/(-8))/(-10 - 717/(-72)). Let f be (-28)/p - (-1 - 951/27). What is the greatest common divisor of 1188 and f?
36
Let v(i) = i**2 + 8*i + 6. Let s be v(0). Let f(r) = -r**3 + 8*r**2 - 5*r - 4. Let y be f(s). Calculate the highest common factor of y and 627.
19
Suppose 5*p - 5*u + 42 = 9*p, -4*p + 6 = -u. Suppose 3*z + z = 5*i - 30, 3*i - 18 = -4*z. What is the greatest common factor of p and i?
3
Suppose 5*q = -l + 240, -5*q = -3*l + 6*l - 230. Let c be 86/((-38)/57*(2 + 1)). Let t be (2 - 182/q)*(c - -1). What is the greatest common factor of 24 and t?
24
Let b be 1615184/(-2088)*27/(-2). Calculate the greatest common divisor of b and 354.
177
Let p be (-34 - -36)*1/(-2). Let o be 164 + p + (1 + -9 - -9). What is the highest common factor of 2 and o?
2
Suppose -5*v - 7*p = -945, 0 = -v - 3*p - 44 + 225. Calculate the greatest common factor of 21 and v.
7
Suppose 4*h = -5*c + 3*h + 229, 5*c = h + 221. Let r(x) = -9*x**2 + 2*x - 6. Let n be r(2). Let t = n + c. Calculate the highest common divisor of 35 and t.
7
Suppose 3*q - 2955 = 3*o, -4*o + 1536 - 6462 = -5*q. Calculate the highest common divisor of q and 1334.
58
Let q(n) = -2 + 1 - n**3 + 13*n - 3 + 10 - 6*n**2. Suppose 5*p = k - 44, 9*p + 3*k + 39 = 5*p. Let o be q(p). Calculate the greatest common factor of o and 88.
44
Let n = -108 + 124. Suppose -4 - n = -5*h. Let v be h/10 + 896/10. What is the greatest common factor of 20 and v?
10
Suppose 0 = 4*r + 5*y - 516, y + 616 = 26*r - 21*r. What is the highest common divisor of r and 2852?
124
Suppose -3*u = 6, 5*r - u - 50 = 17. Suppose -3*v + 990 = -0*v. Suppose 0 = s + 5, -5*a + 4*s + v = 3*s. What is the highest common factor of a and r?
13
Suppose -2*s + 5*b = 2*b - 3, 0 = -2*s - 5*b - 21. Let l be s + 5 + 48/8. What is the highest common factor of 32 and l?
8
Suppose 1460*o - 1417*o = 40334. What is the greatest common divisor of o and 22?
2
Suppose 0*l - 4*l = -40. Let j be (2/(-2))/((-5)/l). Calculate the greatest common divisor of 14 and j.
2
Suppose 4*n = 10*n - 264. Let o = n + -23. Let w be (-2)/3 + 473/129. Calculate the highest common divisor of o and w.
3
Suppose -c = -4*r + 2 + 14, 2*r = -2*c + 8. Suppose -3*t + 5*p + 2 = 0, -11 + 23 = 5*t - r*p. What is the greatest common factor of t and 112?
4
Suppose -10*g + 5*g = -310. Let a = -41 + g. Suppose -17*z = 5*z - 1848. What is the greatest common factor of z and a?
21
Suppose 31*t = 17*t - 3*f + 1626, -3*t = -3*f - 363. What is the greatest common factor of 2054 and t?
13
Suppose -3*p + 401 - 41 = 0. Suppose 4*l = -3*i + 1212, 4*i = 5*l - i - 1480. Calculate the greatest common factor of p and l.
60
Suppose 3*z - 30 = -2*a, 23*z - 12 = 21*z - 4*a. Let f(q) = 16 + 3*q + 7 - 8 - 1. Let t be f(z). What is the highest common divisor of t and 125?
25
Suppose 2*t = -3*t - 4*o + 140, -3*o = 15. What is the highest common factor of 2992 and t?
16
Suppose -d - 5*r = 1, r = 5*d + 4*r + 5. Let k be (-9 + 19)/(1 - d). Calculate the highest common factor of 65 and k.
5
Suppose -4*p + s = -49895, -2*s = 436*p - 438*p + 24946. Calculate the greatest common factor of p and 63.
63
Suppose 8*f + 30 = 11*f. Suppose -7*h + f*h - 567 = 0. Suppose x + 4*o = 15, -o + 5*o + 147 = 5*x. What is the greatest common divisor of h and x?
27
Suppose 0*f - 5*f = -2*p - 52, f + 3*p - 24 = 0. Let w be (0 - -11)*(f + -4). What is the greatest common factor of w and 4?
4
Suppose 3*q = p - 5*p + 948, 2*p - 464 = -4*q. What is the highest common divisor of p and 405?
15
Let b be 21*-3*1/(-9). Suppose b*a = 138 - 19. What is the highest common factor of 272 and a?
17
Let k be (-1)/(-4) - 19/(-4). Let n = -187 - -192. Let p be (4/n)/((-96)/(-480)). Calculate the highest common factor of k and p.
1
Suppose 5*n + 4*v = 57, -3*v - 4 = n - 11. Let b be 306/39 - (-2)/n. Suppose -5*i = -g - 680, 92 = i + g - 44. What is the greatest common divisor of i and b?
8
Let g(r) = -29*r**3 - 7*r**2 - 31*r - 51. Let l be g(-4). What is the greatest common divisor of 69 and l?
23
Let n be -8 + 161/21 + (-14692)/(-12). Calculate the highest common factor of 272 and n.
136
Suppose -8*y - 19 + 379 = 0. Let a be 2055/6 - 30/(-75)*(-50)/(-8). What is the greatest common divisor of y and a?
15
Let v = -32 + 37. Suppose 0 = n - 4*n - 3*q + 27, 0 = n + v*q - 13. Calculate the highest common divisor of 48 and n.
8
Suppose 2*c - 3*n - 51 = 0, 13*c + 5*n = 14*c - 22. Let d be (-16 + c)*12/4. What is the greatest common divisor of d and 957?
33
Let l(z) = 2*z + 16. Suppose 2*g - 3 - 5 = 0. Suppose 18 = -y - 3*j, -g*y + 4*j = 1 - 9. Let o be l(y). Calculate the greatest common divisor of o and 230.
10
Suppose 6027*k - 25665 = 6012*k. What is the highest common factor of k and 87?
29
Let n be (-4 + -1 - -6)/(2/(-4)). Let y be (-8*n/(-4))/((-2)/2). What is the greatest common factor of y and 244?
4
Let u be (-9 - -8)*7 + 1. Let l be (7 - (-154)/u)*-3. What is the highest common factor of 168 and l?
56
Let z be 14/21 + (10348/(-24))/(2/(-16)). What is the highest common divisor of 450 and z?
150
Let b be (39/4)/(12/32). Let d = 29 - b. Suppose d*u - 4*a = 7, 3*a + a = -5*u + 65. Calculate the highest common factor of u and 18.
9
Let p(r) = -r**2 - 30*r - 31. Let l be p(-13). Suppose l = 3*c - 191. Suppose -3*g + 316 = c. What is the greatest common factor of g and 9?
9
Suppose -2*v + 7*a + 120 = 9*a, 0 = 5*v + 3*a - 306. Suppose 2268 = 4*l + 3*t - 2*t, 1701 = 3*l - 5*t. Calculate the highest common divisor of l and v.
63
Let b be 2/(-8)*(4 + -7 + 95)*-134. Calculate the highest common factor of b and 138.
46
Let o(g) be the third derivative of -g**6/120 - 2*g**5/5 - g**4/8 - 32*g**3/3 + 6*g**2 - 2. Let n be o(-24). Calculate the highest common factor of n and 24.
8
Suppose 0 = -3*z + 11*z - 416. What is the highest common factor of 44 and z?
4
Suppose 2*g - 20 = 4*v, -28*v + 23*v - 5*g = 40. Let f be v/4*(1 + 114/(-18)). Calculate the highest common divisor of f and 7.
1
Let j be (-1 + 8)*390/91. Let x = 657 - 642. Calculate the highest common factor of x and j.
15
Suppose -2*i + 4*a = -616, -3*i + 4*a + 899 = 3*a. Suppose f = -7*q + 2*q + i, -q = -2. What is the highest common divisor of 96 and f?
96
Let c = 41352 - 35016. What is the highest common factor of 1320 and c?
264
Suppose 15*q + 182 + 148 = 0. Let o = 45 + q. What is the greatest common factor of o and 184?
23
Let i be (3 - 42/6) + 46. Suppose i = 21*y - 15*y. What is the greatest common factor of y and 1?
1
Let n(j) = -5355*j - 16049. Let s be n(-3). Let g = -444 - -740. What is the greatest common factor of s and g?
8
Suppose 4*x + 0*x = -5*c + 1390, c - 347 = -x. What is the highest common divisor of x and 1587?
69
Suppose -l = -5*l + 64. Let a = -231 - -377. Suppose -4*x - a = -530. What is the highest common divisor of l and x?
16
Let x(f) = 188*f**3 - 6*f**2 + 39*f - 73. Let w be x(2). Calculate the highest common divisor of 55 and w.
55
Let c(x) = -3*x**2 - 9*x - 33. Let t be c(4). Let v be 5 + (-26)/t + (-10888)/(-9). Calculate the greatest common factor of v and 15.
15
Let o = -72 - -110. Suppose -64*t + 58638 = 54990. What is the highest common divisor of t and o?
19
Let h(p) = p**3 - p**2 - 5*p - 5. Let b be h(6). Suppose 0 = -49*a - 808 + 24. Let o be a/28 - 1230/(-21). What is the greatest common factor of b and o?
29
Let z be (-15)/9*(10 - -5*(-1835)/25). What is the highest common factor of 2465 and z?
85
Let y = 6444 - 6114. Calculate the highest common divisor of y and 44.
22
Suppose -q = 2*q + 12. Let o be (1/(-3))/(q/(-444)). Let c = 92 + o. Calculate the highest common factor of 5 and c.
5
Suppose 2*m + 2*m = -3*c - 32, -c - 4*m = 24. Let g be ((105/c)/(-7))/((-9)/264). Let j = -75 - g. Calculate the highest common factor of j and 5.
5
Let m = -9 + 15. Let u(x) be the first derivative of 11*x**2/2 + 22*x + 362. Let y be u(m). Calculate the highest common divisor of y and 8.
8
Let i = -8645 + 14385. What is the highest common factor of i and 112?
28
Let n = 734 + -1448. Let w = n + 814. Calculate the greatest common factor of 110 and w.
10
Suppose -o + 869*l - 23 = 873*l, o = -5*l - 29. What is the highest common divisor of o and 743?
1
Let p be -1*(-2 + 1)*4. Suppose -5*m = -2*m, -p*m + 34 = d. Let